d by 4.
1
What is the remainder when 623660 is divided by 578?
576
What is the remainder when 1974 is divided by 271?
77
What is the remainder when 2973 is divided by 430?
393
Calculate the remainder when 3179 is divided by 169.
137
What is the remainder when 147432 is divided by 546?
12
Calculate the remainder when 38738 is divided by 245.
28
What is the remainder when 40647 is divided by 542?
539
Calculate the remainder when 1092994 is divided by 939.
937
What is the remainder when 2468 is divided by 131?
110
Calculate the remainder when 7399 is divided by 239.
229
What is the remainder when 523919 is divided by 6?
5
Calculate the remainder when 2536813 is divided by 15.
13
What is the remainder when 54394 is divided by 41?
28
Calculate the remainder when 286081 is divided by 914.
913
What is the remainder when 1035 is divided by 692?
343
Calculate the remainder when 24707 is divided by 22.
1
Calculate the remainder when 456578 is divided by 16910.
8
Calculate the remainder when 6038 is divided by 1200.
38
What is the remainder when 3023 is divided by 762?
737
Calculate the remainder when 76343 is divided by 779.
1
Calculate the remainder when 521408 is divided by 7.
6
What is the remainder when 77586 is divided by 13?
2
What is the remainder when 8231 is divided by 142?
137
What is the remainder when 236841 is divided by 774?
771
What is the remainder when 9388 is divided by 2062?
1140
What is the remainder when 537885 is divided by 862?
859
Calculate the remainder when 4957 is divided by 2475.
7
What is the remainder when 4522 is divided by 132?
34
Calculate the remainder when 5489 is divided by 430.
329
What is the remainder when 34549 is divided by 416?
21
What is the remainder when 1487959 is divided by 14?
11
Calculate the remainder when 1133 is divided by 595.
538
Calculate the remainder when 3978 is divided by 1226.
300
Calculate the remainder when 274046 is divided by 16.
14
Calculate the remainder when 26925 is divided by 13.
2
What is the remainder when 613029 is divided by 110?
109
What is the remainder when 581918 is divided by 13?
12
What is the remainder when 13665 is divided by 2672?
305
Calculate the remainder when 69331 is divided by 214.
209
What is the remainder when 193965 is divided by 76?
13
Calculate the remainder when 3183 is divided by 57.
48
What is the remainder when 447060 is divided by 149016?
12
Calculate the remainder when 6303 is divided by 2094.
21
Calculate the remainder when 211197 is divided by 352.
349
What is the remainder when 95286 is divided by 344?
342
Calculate the remainder when 4954 is divided by 305.
74
Calculate the remainder when 1676 is divided by 824.
28
What is the remainder when 791 is divided by 345?
101
What is the remainder when 259543 is divided by 86514?
1
What is the remainder when 1694326 is divided by 681?
679
Calculate the remainder when 94070 is divided by 44.
42
Calculate the remainder when 163479 is divided by 2.
1
Calculate the remainder when 91461 is divided by 166.
161
Calculate the remainder when 22680 is divided by 69.
48
What is the remainder when 611608 is divided by 185?
183
What is the remainder when 37164 is divided by 184?
180
Calculate the remainder when 3756 is divided by 1202.
150
What is the remainder when 66966 is divided by 21?
18
Calculate the remainder when 565 is divided by 13.
6
Calculate the remainder when 3041 is divided by 2979.
62
What is the remainder when 2996 is divided by 286?
136
What is the remainder when 27843 is divided by 9225?
168
Calculate the remainder when 12745 is divided by 6363.
19
Calculate the remainder when 1796265 is divided by 449065.
5
What is the remainder when 41889 is divided by 12?
9
What is the remainder when 87985 is divided by 1140?
205
Calculate the remainder when 9499 is divided by 108.
103
Calculate the remainder when 17512 is divided by 4341.
148
What is the remainder when 4968 is divided by 74?
10
Calculate the remainder when 4333 is divided by 333.
4
Calculate the remainder when 120508 is divided by 296.
36
Calculate the remainder when 3531 is divided by 716.
667
What is the remainder when 968513 is divided by 74?
1
What is the remainder when 430932 is divided by 16572?
60
Calculate the remainder when 4877 is divided by 4579.
298
What is the remainder when 863 is divided by 459?
404
Calculate the remainder when 2165 is divided by 85.
40
Calculate the remainder when 4860 is divided by 41.
22
Calculate the remainder when 27604 is divided by 9053.
445
What is the remainder when 61486 is divided by 788?
22
Calculate the remainder when 8557 is divided by 4271.
15
What is the remainder when 2438658 is divided by 19?
8
What is the remainder when 412834 is divided by 293?
290
Calculate the remainder when 2026 is divided by 415.
366
What is the remainder when 21691 is divided by 155?
146
Calculate the remainder when 43955 is divided by 830.
795
What is the remainder when 903 is divided by 22?
1
Calculate the remainder when 232 is divided by 57.
4
Calculate the remainder when 11601551 is divided by 24.
23
Calculate the remainder when 74539 is divided by 27.
19
What is the remainder when 5055 is divided by 46?
41
What is the remainder when 3204 is divided by 295?
254
Calculate the remainder when 4046 is divided by 4017.
29
What is the remainder when 378801 is divided by 345?
336
What is the remainder when 262708 is divided by 34?
24
What is the remainder when 729924 is divided by 3160?
3124
Calculate the remainder when 108247 is divided by 433.
430
What is the remainder when 93818 is divided by 31269?
11
What is the remainder when 19072 is divided by 22?
20
What is the remainder when 123185 is divided by 24635?
10
Calculate the remainder when 1932 is divided by 127.
27
Calculate the remainder when 26155 is divided by 51.
43
What is the remainder when 117642 is divided by 258?
252
What is the remainder when 52621 is divided by 13086?
277
Calculate the remainder when 3143 is divided by 226.
205
Calculate the remainder when 357761 is divided by 47.
44
Calculate the remainder when 11951 is divided by 72.
71
Calculate the remainder when 81098 is divided by 1887.
1844
What is the remainder when 35994 is divided by 88?
2
Calculate the remainder when 2600 is divided by 615.
140
Calculate the remainder when 249336 is divided by 50.
36
What is the remainder when 587734 is divided by 5?
4
Calculate the remainder when 40049 is divided by 297.
251
What is the remainder when 9468 is divided by 1540?
228
Calculate the remainder when 2541 is divided by 497.
56
What is the remainder when 128588 is divided by 10?
8
What is the remainder when 699 is divided by 694?
5
What is the remainder when 161347 is divided by 243?
238
Calculate the remainder when 4834 is divided by 174.
136
What is the remainder when 415282 is divided by 103818?
10
What is the remainder when 209312 is divided by 125?
62
Calculate the remainder when 4036 is divided by 316.
244
Calculate the remainder when 76451 is divided by 2548.
11
What is the remainder when 132761 is divided by 26551?
6
Calculate the remainder when 240338 is divided by 10.
8
Calculate the remainder when 18964 is divided by 904.
884
What is the remainder when 24805 is divided by 70?
25
What is the remainder when 5770 is divided by 273?
37
What is the remainder when 132778 is divided by 3588?
22
What is the remainder when 1463 is divided by 726?
11
Calculate the remainder when 35754 is divided by 1489.
18
What is the remainder when 2744850 is divided by 11?
9
What is the remainder when 283791 is divided by 16?
15
Calculate the remainder when 3678 is divided by 455.
38
Calculate the remainder when 920459 is divided by 82.
9
What is the remainder when 529916 is divided by 264956?
4
Calculate the remainder when 20802 is divided by 94.
28
Calculate the remainder when 37287 is divided by 632.
631
Calculate the remainder when 95444 is divided by 105.
104
Calculate the remainder when 121201 is divided by 1865.
1841
Calculate the remainder when 5370 is divided by 1136.
826
Calculate the remainder when 969 is divided by 82.
67
Calculate the remainder when 9471 is divided by 73.
54
Calculate the remainder when 19568 is divided by 512.
112
What is the remainder when 22643 is divided by 551?
52
What is the remainder 